{"id":1059,"date":"2022-08-29T09:26:05","date_gmt":"2022-08-29T07:26:05","guid":{"rendered":"https:\/\/cttb.education\/landing\/?page_id=1059"},"modified":"2022-08-29T10:40:21","modified_gmt":"2022-08-29T08:40:21","slug":"zasady-rodo-gdpr","status":"publish","type":"page","link":"https:\/\/cttb.education\/landing\/zasady-rodo-gdpr\/","title":{"rendered":"Zasady RODO\/GDPR"},"content":{"rendered":"<section class=\"wpb-content-wrapper\"><p>[vc_row][vc_column][vc_column_text woodmart_inline=&#8221;no&#8221; text_larger=&#8221;no&#8221;]<\/p>\r\n<h1 style=\"text-align: center;\">Zasady RODO\/GDPR<\/h1>\r\n<p>&nbsp;<\/p>\r\n<p>Administratorem Twoich danych jest CTTB Ltd z siedzib\u0105 w London, United Kingdom, wpisanej do Companies House, pod numerem 11377269. W sprawach zwi\u0105zanych z przetwarzaniem i ochron\u0105 danych osobowych wyznaczony zosta\u0142 punkt kontaktowy w postaci adresu e-mail: office@cttb.education. Kontakt we wskazanych sprawach mo\u017cliwy jest tak\u017ce w postaci tradycyjnej korespondencji na adres administratora z dopiskiem: \u201eOchrona Danych Osobowych \/ GDPR\u201d oraz osobi\u015bcie pod adresem: 27 Old Gloucester Street, WC1N 3AX, England and Wales.<\/p>\r\n\r\n<p>Podane przez Ciebie dane osobowe oraz wyra\u017cona zgoda na przetwarzanie tych danych dotycz\u0105 przetwarzania danych w nast\u0119puj\u0105cych celach:<br \/>\u2013 wykonania umowy kupna-sprzeda\u017cy b\u0105d\u017a us\u0142ugi \u2013 przetwarzanie jest niezb\u0119dne do wykonania umowy, a\u017c do czasu zako\u0144czenia umowy,<br \/>\u2013 marketingu bezpo\u015bredniego \u2013 do czasu zako\u0144czenia umowy lub z\u0142o\u017cenia sprzeciwu,<br \/>\u2013 finansowo-ksi\u0119gowych \u2013 przetwarzanie jest niezb\u0119dne do wykonania przepis\u00f3w prawa podatkowego,<br \/>\u2013 obrony przed roszczeniami i dochodzenia roszcze\u0144 \u2013 do czasu wyga\u015bni\u0119cia okresu roszcze\u0144<br \/>\u2013 prowadzenia proces\u00f3w reklamacyjnych.<br \/>\u2013 w celach handlowych i marketingowych,<br \/>\u2013 samego zbierania danych,<br \/>\u2013 oraz otrzymywanie informacji handlowych drog\u0105 elektroniczn\u0105 na podany powy\u017cej adres poczty elektronicznej wysy\u0142anych przez CTTB<\/p>\r\n\r\n<p>Posiadasz prawo dost\u0119pu do tre\u015bci swoich danych oraz prawo ich sprostowania, usuni\u0119cia, ograniczenia przetwarzania, prawo do przenoszenia danych, prawo wniesienia sprzeciwu (np. je\u015bli dane s\u0105 przetwarzane na podstawie Twojej zgody lub w celach marketingowych czy udost\u0119pniania Twoich danych);<\/p>\r\n<p>Posiadasz prawo do cofni\u0119cia zgody w dowolnym momencie. W celu cofni\u0119cia zgody mo\u017cesz skontaktowa\u0107 si\u0119 z punktem obs\u0142ugi klienta w naszej siedzibie b\u0105d\u017a biurze 27 Old Gloucester Street, WC1N 3AX, England and Wales lub wysy\u0142aj\u0105c wiadomo\u015b\u0107 e-mail na adres: office@cttb.education Masz r\u00f3wnie\u017c prawo wniesienia skargi do organu nadzorczego tj. organu w\u0142a\u015bciwego do spraw ochrony danych osobowych (The Information Commissioner\u2019s Office \u2013 ICO) i EROD (Europejska Rada Ochrony Danych)<\/p>\r\n<p><br data-rich-text-line-break=\"true\" \/>Podanie przez Ciebie danych osobowych jest w pe\u0142ni dobrowolne. Niepodanie danych osobowych b\u0119dzie skutkowa\u0142o niemo\u017cliwo\u015bci\u0105 pe\u0142nego wykonania zobowi\u0105za\u0144, przyj\u0119tych przez CTTB Ltd w ramach zawieranych z Tob\u0105 um\u00f3w.<\/p>\r\n<p>\u00a0<\/p>\r\n<p>[\/vc_column_text][\/vc_column][\/vc_row]<\/p><\/section>","protected":false},"excerpt":{"rendered":"<p>[vc_row][vc_column][vc_column_text woodmart_inline=&#8221;no&#8221; text_larger=&#8221;no&#8221;] Zasady RODO\/GDPR &nbsp; Administratorem Twoich danych jest CTTB Ltd z siedzib\u0105 w London, United Kingdom, wpisanej do<\/p>\n","protected":false},"author":1,"featured_media":0,"parent":0,"menu_order":0,"comment_status":"closed","ping_status":"open","template":"","meta":{"footnotes":""},"class_list":["post-1059","page","type-page","status-publish","hentry"],"_links":{"self":[{"href":"https:\/\/cttb.education\/landing\/wp-json\/wp\/v2\/pages\/1059","targetHints":{"allow":["GET"]}}],"collection":[{"href":"https:\/\/cttb.education\/landing\/wp-json\/wp\/v2\/pages"}],"about":[{"href":"https:\/\/cttb.education\/landing\/wp-json\/wp\/v2\/types\/page"}],"author":[{"embeddable":true,"href":"https:\/\/cttb.education\/landing\/wp-json\/wp\/v2\/users\/1"}],"replies":[{"embeddable":true,"href":"https:\/\/cttb.education\/landing\/wp-json\/wp\/v2\/comments?post=1059"}],"version-history":[{"count":7,"href":"https:\/\/cttb.education\/landing\/wp-json\/wp\/v2\/pages\/1059\/revisions"}],"predecessor-version":[{"id":1066,"href":"https:\/\/cttb.education\/landing\/wp-json\/wp\/v2\/pages\/1059\/revisions\/1066"}],"wp:attachment":[{"href":"https:\/\/cttb.education\/landing\/wp-json\/wp\/v2\/media?parent=1059"}],"curies":[{"name":"wp","href":"https:\/\/api.w.org\/{rel}","templated":true}]}}